r(o) = 3*o**2 - 157*o + 1179. Give r(9).
9
Let w(x) = 6*x**2 + 293*x + 1259. Give w(-44).
-17
Let g(d) = -d**3 - 18*d**2 + 15*d - 87. What is g(-19)?
-11
Let g(j) = j**2 - 61*j - 340. Give g(66).
-10
Let l(q) = q**3 - 38*q**2 - 160*q - 335. Calculate l(42).
1
Let a(d) = -d**3 - 16*d**2 + 23*d + 48. Give a(-17).
-54
Let h(x) = 10*x**2 + 4*x + 4. Give h(-1).
10
Let f(b) = 39*b + 92. Calculate f(8).
404
Let h(l) = -38*l + 1024. Determine h(27).
-2
Let w(h) = -h**2 + 19*h + 24. What is w(0)?
24
Let p(w) = w**3 - 23*w**2 - 80*w + 53. Give p(26).
1
Let m(d) = -315*d**2 - 3*d + 3. Determine m(1).
-315
Let v(n) = -4*n**2 - 19*n - 2. Calculate v(3).
-95
Let z(l) = l**3 + 51*l**2 - 1905*l + 123. Give z(25).
-2
Let b(m) = -5*m**3 + 31*m**2 + 4*m - 13. Give b(6).
47
Let c(a) = -46*a**3 - 183*a**2 + 8*a + 29. Give c(-4).
13
Let t(s) = -22*s - 20. Give t(3).
-86
Let s(b) = -3*b**3 + 555*b**2 - 1095*b. What is s(2)?
6
Let f(a) = -a**3 - 31*a**2 + 120*a + 9. What is f(4)?
-71
Let q(p) = -4*p**2 - 24*p + 13. Calculate q(-9).
-95
Let m(u) = 5*u**3 - 70*u**2 - 7*u - 43. Calculate m(14).
-141
Let y(v) = -9*v**2 - 2*v + 56. What is y(-8)?
-504
Let n(l) = 2*l**3 + 6*l**2 + 39. Calculate n(0).
39
Let g(z) = -2*z**3 - 130*z**2 - z - 60. Determine g(-65).
5
Let t(f) = 11*f - 48. Determine t(19).
161
Let l(u) = -12*u**3 + 2*u**2 + 3*u - 4. Give l(1).
-11
Let f(j) = -3*j**2 + 127*j + 411. What is f(-3)?
3
Let k(d) = 3*d**2 + 7*d. Determine k(3).
48
Let m(c) = -3*c**2 + 77*c + 124. Give m(29).
-166
Let q(a) = 2*a**2 - 185*a - 2678. What is q(-13)?
65
Let s(i) = -3*i**2 + 67*i + 14. What is s(23)?
-32
Let s(y) = -140*y - 1147. Give s(-8).
-27
Let j(d) = d**2 - d - 1725. What is j(-41)?
-3
Let n(r) = 7281*r - 65521. Give n(9).
8
Let q(i) = 2*i**3 - 13*i**2 + 20*i - 20. What is q(6)?
64
Let h(d) = -5*d**2 + 24*d + 1883. What is h(-17)?
30
Let o(u) = u**2 - 130*u + 3986. Calculate o(52).
-70
Let j(w) = 4*w**2 + 221*w - 3806. Give j(-69).
-11
Let c(u) = 28*u**3 - 4*u**2 + 3. Calculate c(-1).
-29
Let n(o) = o**3 - 26*o**2 - 192*o + 1146. Calculate n(31).
-1
Let g(y) = 2*y**3 + 33*y**2 + 27*y + 174. Give g(-16).
-2
Let r(w) = w**2 + 14*w + 75. Determine r(-17).
126
Let k(c) = -16*c + 366. Determine k(22).
14
Let o(s) = 7*s**2 - 158*s + 598. Calculate o(4).
78
Let m(q) = -78*q - 1589. What is m(-20)?
-29
Let f(b) = 575*b - 2351. What is f(4)?
-51
Let x(k) = k**2 + 8*k + 4. What is x(-9)?
13
Let b(o) = -2*o**2 - 88*o - 153. What is b(-30)?
687
Let b(u) = -u**2 + 43*u + 4791. What is b(94)?
-3
Let l(t) = -9*t + 372. Calculate l(46).
-42
Let z(j) = 5*j**2 - 12*j + 19. Determine z(3).
28
Let b(x) = -145*x**2 - 147*x + 146. Calculate b(1).
-146
Let j(a) = 678*a + 1349. Give j(-2).
-7
Let i(w) = -20*w**2 + 39*w - 224. Give i(6).
-710
Let z(h) = -h**3 + 10*h**2 - 5*h + 15. Give z(6).
129
Let o(h) = 257*h**2 - 1798*h + 1. Determine o(7).
8
Let p(m) = 15*m**2 + 19*m - 50. Determine p(5).
420
Let d(h) = h**3 + 77*h**2 + 9*h + 412. Determine d(-77).
-281
Let q(p) = 850*p + 855. Determine q(-1).
5
Let h(q) = 42089*q + 210454. Give h(-5).
9
Let k(o) = o**3 - 11*o**2 + 14*o - 38. Determine k(6).
-134
Let s(n) = n**3 + 5*n**2 - 51*n - 272. Give s(-8).
-56
Let l(d) = d**2 - 2167*d + 40804. Give l(19).
-8
Let n(h) = 6*h**2 + 233*h - 733. Determine n(3).
20
Let t(l) = l**2 - 87*l - 434. Determine t(93).
124
Let x(y) = -y**2 + 42*y - 199. Give x(4).
-47
Let h(q) = 4*q**2 + 8*q - 33. What is h(-4)?
-1
Let c(z) = -2*z**3 - 182*z**2 - 181*z - 128. Give c(-90).
-38
Let u(i) = -5*i + 105. Calculate u(20).
5
Let w(d) = -7*d**2 + 845*d + 219. Determine w(121).
-23
Let u(m) = -2*m**3 - 48*m**2 + 40. Calculate u(-24).
40
Let m(t) = -2*t**3 + 18*t**2 + 4*t + 121. What is m(9)?
157
Let s(t) = -62*t - 13. Calculate s(-4).
235
Let j(m) = m - 390. Calculate j(52).
-338
Let r(a) = -21*a + 288. What is r(14)?
-6
Let h(g) = 195*g + 6601. Give h(-34).
-29
Let k(s) = -s**3 + 14*s**2 + 52*s - 333. What is k(15)?
222
Let t(z) = 7*z**3 + 84*z**2 + 2*z - 6. What is t(-12)?
-30
Let u(q) = 24*q - 172. What is u(24)?
404
Let i(g) = -116*g**2 + 469*g + 1. Give i(4).
21
Let f(z) = -15*z - 77. Calculate f(-11).
88
Let o(g) = -g**2 + 270*g + 268. Determine o(-1).
-3
Let a(w) = w**3 - 220*w**2 + 988*w + 435. Calculate a(5).
0
Let o(a) = -a**2 - 27*a - 48. Calculate o(-30).
-138
Let k(h) = 43*h - 781. Give k(18).
-7
Let n(r) = -r**3 - 23*r**2 + 48*r - 138. Give n(-25).
-88
Let o(v) = -297*v**3 + 3*v**2 - 7*v + 5. Determine o(1).
-296
Let i(k) = -52*k + 55. Calculate i(-7).
419
Let d(s) = 40*s - 433. Calculate d(11).
7
Let y(o) = -475*o**3 + 7*o + 6. Determine y(-1).
474
Let c(h) = 15*h**2 + 1308*h + 247. Give c(-87).
-14
Let u(z) = -2*z**2 - 159*z - 741. Determine u(-5).
4
Let r(f) = -f**3 + 11*f**2 + 16*f - 52. Calculate r(10).
208
Let b(m) = -m**3 - 10*m**2 - 19*m - 27. Give b(-6).
-57
Let k(y) = 19*y + 2. Give k(5).
97
Let f(l) = 76*l - 686. Give f(9).
-2
Let k(x) = 28*x**3 - 2*x**2 + 9*x - 7. Give k(1).
28
Let d(t) = 3*t**2 + 13*t - 233. Determine d(-11).
-13
Let w(v) = 215*v + 1719. Give w(-8).
-1
Let t(g) = -2*g**2 - 210*g - 806. Give t(-101).
2
Let q(y) = -y**2 + 25*y - 185. Calculate q(17).
-49
Let b(v) = 408*v + 2449. Determine b(-6).
1
Let n(x) = 3*x**2 + 108*x + 204. Determine n(-35).
99
Let m(z) = -1364*z - 68208. Determine m(-50).
-8
Let x(l) = l**2 + 27*l + 222. Calculate x(-36).
546
Let z(a) = -a**2 - 23*a + 3067. Calculate z(45).
7
Let f(p) = -p**3 + 20*p**2 - 59*p + 23. Determine f(17).
-113
Let r(g) = -g**2 - 345*g + 1732. Give r(5).
-18
Let u(o) = -2*o**3 - 13*o**2 - 22*o + 28. Give u(-7).
231
Let p(i) = -216*i - 1510. Calculate p(-7).
2
Let x(w) = w**3 + 27*w**2 + 14*w + 66. Give x(-26).
378
Let q(n) = 213*n - 1940. What is q(8)?
-236
Let k(y) = -399*y - 20743. Determine k(-52).
5
Let c(w) = -10*w**2 - 77*w + 37. Determine c(-8).
13
Let h(r) = 2*r**2 - 18*r + 38. Calculate h(6).
2
Let w(c) = -c**2 - 57*c + 210. Calculate w(-60).
30
Let j(n) = n**3 + 27*n**2 + 29*n + 102. Determine j(-26).
24
Let r(m) = -2*m**3 + 43*m**2 + 76*m + 31. What is r(23)?
192
Let f(j) = -3*j**2 - 87*j + 262. Give f(-28).
346
Let c(w) = -9*w - 289. Give c(-15).
-154
Let n(t) = -3*t + 33. Determine n(16).
-15
Let g(k) = -48*k - 1139. Give g(-24).
13
Let f(q) = -7*q**2 + 134*q + 1. Determine f(19).
20
Let g(r) = -r**2 + 19*r + 244. Give g(28).
-8
Let i(a) = 254*a - 753. What is i(3)?
9
Let h(x) = -1633*x + 99618. Calculate h(61).
5
Let f(h) = 2*h**2 - 81*h + 736. Calculate f(16).
-48
Let y(n) = -2*n**3 + 26*n**2 + 78*n - 9. Determine y(-3).
45
Let c(p) = -4*p**2 - 33*p + 1. What is c(1)?
-36
Let k(h) = -h**2 - 44*h + 2923. Determine k(37).
-74
Let j(s) = -81*s + 11382. Determine j(141).
-39
Let z(q) = 6*q - 102. Give z(15).
-12
Let b(x) = 21*x - 495. Determine b(30).
135
Let y(v) = -143*v + 692. Give y(5).
-23
Let b(r) = -r**2 - 22*r - 99. What is b(-7)?
6
Let t(l) = 53*l**3 - 4*l**2 - 9*l - 9. Give t(-2).
-431
Let w(b) = -391*b + 658. Calculate w(4).
-906
Let c(u) = -40*u**2 - 1321*u - 19. What is c(-33)?
14
Let d(s) = -s**3 - 389*s**2 - 18647*s + 49. Determine d(-56).
-7
Let x(g) = 31*g + 85. Calculate x(-3).
-8
Let n(q) = q**2 + 16*q + 77. What is n(-8)?
13
Let m(j) = 29*j**2 + 18*j - 22. What is m(4)?
514
Let f(k) = -k**2 - 27*k - 17. Calculate f(-26).
9
Let u(z) = -1353*z - 20299. What is u(-15)?
-4
Let p(k) = 2*k**2 + 248*k + 4660. Calculate p(-23).
14
Let f(x) = -x**3 + 80*x**2 - 79*x - 5. Determine f(79).
-5
Let h(q) = -441*q - 31313. Give h(-71).
-2
Let t(f) = -f**2 + 20*f + 189. Give t(27).
0
Let d(i) = -4*i**2 + 80*i + 80. Give d(20).
80
Let o(y) = -22*y + 456. Determine o(20).
16
Let l(b) = b**3 - 49*b**2 + 564*b - 107. Determine l(18).
1
Let y(x) = 293*x - 817. Calculate y(5).
648
Let w(q) = 10*q**2 + 1182*q + 226. Give w(-118).
-10
Let h(o) = 3*o**3 + 4*o**2 + 4*o + 20. Give h(-3).
-37
Let a(b) = -b**3 - 9*b**2 + 9*b - 11. Determine a(-11).
132
Let v(j) = -5*j**2 + 196*j - 388. Determine v(2).
-16
Let z(o) = 29*o**2 + 613*o + 80. Calculate z(-21).
-4
Let f(u) = 40*u**2 + 7*u - 4. Determine f(3).
377
Let f(g) = 2*g**3 + 2*g**2 - 38*g + 7. What is f(3)?
-35
Let l(g) = -g**3 - 21*g**2 + 54*g + 96. Determine l(-22).
-608
Let t(b) = -b**3 + 3*b**2 + 203*b + 31. Give t(16).
-49
Let l(j) = -j**2 + 52*j - 504. Calculate l(13)